-87 + 8d0?
847
In base 16, what is 0 + 3cf69?
3cf69
In base 10, what is 28348 - -3?
28351
In base 14, what is -4 + -242dda?
-243000
In base 9, what is -4181 - -1?
-4180
In base 10, what is -310 - 664?
-974
In base 14, what is 5ac - -a?
5b8
In base 11, what is 187 + -3?
184
In base 7, what is -360222 + 3?
-360216
In base 4, what is -1 + 1321102031?
1321102030
In base 2, what is -10 - -100001101011100?
100001101011010
In base 4, what is -30 - -23331000?
23330310
In base 5, what is -1223202 + 3?
-1223144
In base 15, what is 4 - 19b0?
-19ab
In base 8, what is -34 + 3713?
3657
In base 6, what is -43411 - 103?
-43514
In base 11, what is -88 - 10a?
-197
In base 10, what is 1655 + 24?
1679
In base 14, what is -216bb - 2?
-216bd
In base 4, what is 11 + 10200132133?
10200132210
In base 4, what is -13 + -2230001101?
-2230001120
In base 6, what is -2 - 1352303?
-1352305
In base 6, what is -1242024 - 3?
-1242031
In base 12, what is 188 - -1152?
131a
In base 14, what is 7 - -54c8?
54d1
In base 14, what is a - 125bb?
-125b1
In base 12, what is 60 + b9?
159
In base 12, what is -4 + 1a14?
1a10
In base 7, what is 63340045 + 5?
63340053
In base 4, what is -12133 + -21102?
-33301
In base 12, what is -10171 + 11?
-10160
In base 12, what is 140 + -14?
128
In base 14, what is -10 + 6c6?
6b6
In base 10, what is 604 + -120?
484
In base 14, what is 31 + -a900?
-a8ad
In base 13, what is 8b + -273a?
-267c
In base 6, what is -132 - -54025?
53453
In base 13, what is 1c2406 - 0?
1c2406
In base 4, what is 2002233 - 203?
2002030
In base 14, what is 6 - 12cd9?
-12cd3
In base 6, what is 105250 - -10?
105300
In base 5, what is -1 - 331332?
-331333
In base 9, what is 136 - 420?
-273
In base 16, what is 2 + -276d?
-276b
In base 9, what is -547 - -21?
-526
In base 9, what is 5268 + 233?
5512
In base 8, what is -4 - -6535?
6531
In base 4, what is 12331223 - -11?
12331300
In base 3, what is 101002220 - 2020?
101000200
In base 9, what is -10 + 401534?
401524
In base 2, what is -11 + -10011110000011101101?
-10011110000011110000
In base 14, what is 1 - -8a369?
8a36a
In base 10, what is 8 + -847?
-839
In base 4, what is 211101 + 1003?
212110
In base 6, what is 204554 - -102?
205100
In base 15, what is -3ce5 - -36?
-3cae
In base 8, what is -573545 - 1?
-573546
In base 7, what is 12 + 1142530?
1142542
In base 11, what is 2 + 117a53?
117a55
In base 7, what is 525511 - 5?
525503
In base 10, what is 182652 - -2?
182654
In base 11, what is -64 - -367?
303
In base 13, what is -13 - bb9?
-bcc
In base 14, what is 1d53 - -15?
1d68
In base 10, what is -62705 - 3?
-62708
In base 15, what is 80 - 2d3?
-253
In base 16, what is 3c6 + -b5?
311
In base 7, what is -31250 + 4?
-31243
In base 4, what is -1 - -1001320333?
1001320332
In base 11, what is 7 - -2657?
2663
In base 10, what is -1 + -1777792?
-1777793
In base 8, what is 76420 + -2?
76416
In base 4, what is -10 + 101333203?
101333133
In base 2, what is -10101100010101 + 101?
-10101100010000
In base 15, what is -b5 + 235?
170
In base 10, what is -11976 - 1?
-11977
In base 15, what is ac1 - 11?
ab0
In base 6, what is 550 - 31143?
-30153
In base 9, what is 37466 + 337?
37814
In base 13, what is -33 + 204?
1a1
In base 13, what is 23 - -75?
98
In base 13, what is -19262 - -19?
-19246
In base 6, what is -5 - -433530?
433521
In base 13, what is -46476 + 0?
-46476
In base 2, what is -10110 - 10110010000?
-10110100110
In base 11, what is -a + -15a249?
-15a258
In base 4, what is 132200 - -202?
133002
In base 16, what is 2 - -15ae?
15b0
In base 8, what is 50142 - 1?
50141
In base 12, what is -618 + -123?
-73b
In base 12, what is 122812 + 3?
122815
In base 10, what is -4147975 + 1?
-4147974
In base 6, what is -133100 + 321?
-132335
In base 12, what is -306911 - 4?
-306915
In base 5, what is -130442213 + -2?
-130442220
In base 6, what is -4230 + -1154?
-5424
In base 10, what is -158134 + -2?
-158136
In base 10, what is 14305 + 17?
14322
In base 9, what is 1 + 364437?
364438
In base 12, what is -6 + 4176b?
41765
In base 9, what is -15 + -4273?
-4288
In base 14, what is -103 + 246?
143
In base 8, what is 30 - -162?
212
In base 4, what is -212103 - -211?
-211232
In base 15, what is 38 - 173?
-13a
In base 10, what is -93520 + -5?
-93525
In base 4, what is -1000 - 2122?
-3122
In base 8, what is -3 - -3?
0
In base 9, what is 10608 - -6?
10615
In base 7, what is 5 - 43133?
-43125
In base 3, what is -21222002002 + -2?
-21222002011
In base 6, what is -14103404 + 2?
-14103402
In base 7, what is -3431 + -2225?
-5656
In base 12, what is 101273 + -5?
10126a
In base 9, what is 17670 + 1?
17671
In base 12, what is -407534 + 1?
-407533
In base 7, what is 1 - 225016?
-225015
In base 5, what is 22221 - -241?
23012
In base 14, what is -2 + -4955?
-4957
In base 8, what is -302 + -454?
-756
In base 6, what is -15230054 + -1?
-15230055
In base 9, what is 3 - -12121?
12124
In base 2, what is 1100110110 + 101000111001?
110101101111
In base 6, what is -2 + -2135231?
-2135233
In base 9, what is -234 + -5717?
-6052
In base 9, what is 14726 + -10?
14716
In base 4, what is -13221213 + 1?
-13221212
In base 16, what is 0 + daae?
daae
In base 5, what is 22303124 + -10?
22303114
In base 10, what is 0 + 8001?
8001
In base 12, what is 5 + -152ba4?
-152b9b
In base 5, what is -1 + -310212?
-310213
In base 5, what is 33 + 30310341?
30310424
In base 4, what is 232302023 + 11?
232302100
In base 11, what is 27834 - -3?
27837
In base 11, what is 95 - -172?
257
In base 4, what is -20030 + 13030?
-1000
In base 11, what is -22809 - -8?
-22801
In base 4, what is -1231330 + -12?
-1232002
In base 11, what is -a - -761?
752
In base 12, what is -6 + -9584b?
-95855
In base 14, what is 134c - 1a?
1332
In base 9, what is 5454574 - -2?
5454576
In base 2, what is 110111010011 + 1000110?
111000011001
In base 2, what is 1001101110 + -100010000?
101011110
In base 12, what is 41301 + 7?
41308
In base 6, what is -100403023 - 5?
-100403032
In base 14, what is 127d38 - -3?
127d3b
In base 7, what is 2445 - 3?
2442
In base 14, what is -89 - 96?
-141
In base 6, what is -1040 - -121004?
115524
In base 11, what is 9 - -2a9aa8?
2aa006
In base 14, what is -27c + c9?
-193
In base 5, what is 1102404 + 323?
1103232
In base 2, what is -100101111100101 - -10?
-100101111100011
In base 8, what is 1447 + 1700?
3347
In base 3, what is 10 - -12002202020?
12002202100
In base 5, what is 10 - 23142140?
-23142130
In base 15, what is 45a96 - -3?
45a99
In base 11, what is -250 + 6061?
5911
In base 13, what is 7 + -196?
-18c
In base 2, what is -1 - 11100100110100011?
-11100100110100100
In base 15, what is -358d6 - 1?
-358d7
In base 5, what is 12220 + 2110?
14330
In base 2, what is 10111111 + 1100111?
100100110
In base 11, what is 1 - 8a122?
-8a121
In base 12, what is 34 - 92?
-5a
In base 12, what is -2 + -274594?
-274596
In base 12, what is -3767 + 8?
-375b
In base 16, what is 0 - 33419?
-33419
In base 6, what is -5 + 24152240?
24152231
In base 3, what is -2 + -211012120?
-211012122
In base 7, what is 41446660 + 4?
41446664
In base 14, what is -3 + 1551b4?
1551b1
In base 14, what is -5236dc - -1?
-5236db
In base 8, what is -1232422 + -5?
-1232427
In base 2, what is 1111 + -110001111111110?
-110001111101111
In base 16, what is -3c0b - -4?
-3c07
In base 11, what is -3 + -49876?
-49879
In base 6, what is 5 + -23504154?
-23504145
In base 2, what is 110011010111001101 + -11?
110011010111001010
In base 3, what is 100212 - 1200212?
-1100000
In base 16, what is -2ef9a - -5?
-2ef95
In base 6, what is 20 + 3421120?
3421140
In base 4, what is 11 + -10233020?
-10233003
In base 14, what is -bd5 + 7ab?
-428
In base 12, what is a348a + 2?
a3490
In base 11, what is 225a78 + -6?
225a72
In base 13, what is 112 - 2077?
-1c65
In base 16, what is 3 - -13a?
13d
In base 11, what is -12905 - -4?
-12901
In base 11, what is -72 + 114a?
1088
In base 11, what is 161 + -81?
90
In base 16, what is 3fe + -f70?
-b72
In base 2, what is -110 + -110100110010010001?
-110100110010010111
In base 2, what is -1 + 110110000000?
110101111111
In base 13, what is 40c709 - -5?
40c711
In base 4, what is -1330 - 10013?
-12003
In base 10, what is -281972 + 5?
-281967
In base 5, what is -4 - -323032?
323023
In base 8, what is 5575 - -1?
5576
In base 13, what is 288b + -2?
2889
In base 5, w